
39
Suppose -730*i + 748*i = 972. What is the greatest common factor of i and 558?
18
Let v = -21621 + 31821. What is the highest common divisor of 200 and v?
200
Suppose 4*o = 2 - 22, x - 4*o = 7079. What is the greatest common divisor of 39 and x?
39
Let o be 11395/11 - 21/(-14)*4/66. What is the highest common factor of o and 168?
28
Let l(y) = -4*y**3 - 7*y**2 - 19*y - 26. Let d be l(-3). What is the greatest common divisor of 3268 and d?
76
Suppose 0 = 399*q - 61*q - 3376958. Calculate the greatest common divisor of 873 and q.
97
Let d(l) = 2*l + 50. Let y be d(-4). Let s = y + -39. Suppose 2*z - 5*z + s*j + 24 = 0, 0 = -3*z - 3*j + 48. Calculate the greatest common divisor of z and 132.
12
Let v(a) = -a**2 + 62*a - 765. Let r be v(38). What is the greatest common factor of r and 84?
21
Let q = -34 + 33. Let w = 29 - q. Let o be w/(-12)*1*-22. What is the highest common divisor of o and 5?
5
Suppose m + s - 19 - 17 = 0, 0 = -3*m - 5*s + 116. Calculate the highest common factor of 40 and m.
8
Suppose -r + k + 33 = 0, -2*k + 90 = 3*r - 34. Calculate the greatest common factor of r and 1311.
19
Let a(z) = 478*z - 481. Let u be a(2). What is the greatest common divisor of 57 and u?
19
Let z = -116645 - -169413. What is the greatest common divisor of z and 17?
17
Let t = -283 + 566. Suppose -t = -2*g + 121. Suppose 4*p + g = w - 0*w, w + 2*p = 172. What is the greatest common factor of w and 26?
26
Suppose 0 = 3*q + g - 118, -38 = 35*q - 36*q + g. Calculate the highest common divisor of 2067 and q.
39
Let p(c) = 21*c**2 + 435*c + 174. Let u be p(-22). What is the highest common divisor of u and 1752?
24
Let z(j) = 1. Let h(r) = -2*r + 17. Let f(n) = h(n) + 4*z(n). Let y be f(4). What is the highest common divisor of 2 and y?
1
Let q = -6110 + 8054. Calculate the greatest common factor of 144 and q.
72
Suppose 0 = -5*y - 2*f + 1052, 499*f - 12 = 497*f. Calculate the highest common divisor of 5096 and y.
104
Let d = -1082 - -1334. Calculate the highest common factor of 225 and d.
9
Let f be (15/(225/(-24)))/((-4)/100). Let g be 133 + -35*(-8)/f. Calculate the highest common factor of 308 and g.
28
Suppose -9*d + 28 = -350. Suppose -d*r + 40*r + 66 = 4*v, -v + 2*r = -4. What is the greatest common divisor of v and 448?
14
Let w = -1838 - -3092. Calculate the highest common divisor of w and 165.
33
Suppose 20*y - 221 - 2086 = 1493. Suppose -4*v + 2*l = -128, -4*v + 0*v + 5*l = -140. Calculate the greatest common divisor of y and v.
10
Let j be 31 + (-42 - (16 - 53)). Let s(g) = -3*g**3 - 7*g**2 - 5*g - 4. Let l be s(-5). Calculate the greatest common divisor of j and l.
13
Suppose -127*y + 148*y = 420. Calculate the highest common divisor of y and 335.
5
Suppose 0 = -3*i - 12, 4*i - 124 = 13*t - 18*t. Calculate the highest common divisor of t and 1652.
28
Let i(g) = 17*g + 173. Let o be i(-10). Suppose 5*u = h + 282, o*u - 5*h + 158 = 6*u. Calculate the greatest common divisor of u and 1288.
56
Let l be (-2)/(-5) + 11331/(-15). Let u = -403 - l. Calculate the greatest common factor of 32 and u.
32
Let f(s) = -8*s**2 + 66*s - 2. Let d be f(2). Calculate the highest common divisor of d and 2653.
7
Let c(b) = b**2 - 31 - b + 0*b**2 + 84 + b**2. Let l be c(0). Calculate the greatest common divisor of l and 53.
53
Let y be (1 + -2)/((-1)/7). Let l = 1336 - 1325. Let t be l/(-44 + -11) + (-106)/(-5). What is the greatest common factor of t and y?
7
Suppose -16*z + 23*z = 35. Suppose s = 4*g + 39 - z, 2*g + 10 = 0. Calculate the highest common factor of 14 and s.
14
Suppose -264 = -3*s + 3*i, 305 + 23 = 4*s + 2*i. Let r = 45 - -112. Suppose m = 53 + r. What is the highest common factor of s and m?
42
Suppose -13 + 93 = x + 4*c, 0 = -3*x + 3*c + 300. What is the greatest common divisor of x and 1704?
24
Let h = 3488 + -2038. What is the highest common divisor of h and 325?
25
Let h(k) = 40*k - 1219. Let p be h(31). Calculate the greatest common divisor of p and 111.
3
Suppose 120*d - 130*d + 3710 = 0. What is the greatest common factor of d and 53?
53
Suppose 8*h - 98 = -74. Suppose 7*j + 5*q - 50 = 6*j, h*j - 128 = -4*q. Calculate the greatest common factor of 50 and j.
10
Let j = 448 - 635. Let o = j - -198. Calculate the greatest common factor of 11 and o.
11
Let y(w) = 2*w**2 + 24*w**2 - w**3 - 7*w**2 + 3*w + 20 - 14 + 14. Let i be y(19). What is the greatest common factor of i and 33?
11
Suppose -6*g - 70 = 668. Let x = g - -123. Suppose 4*z - 46 = 4*s + 54, x = 4*z - 2*s - 110. What is the greatest common divisor of z and 18?
6
Let y = 349 - 208. Suppose 7*c - y = 174. Calculate the highest common divisor of 20 and c.
5
Let y(d) = -d**2 - 22*d + 477. Let z be y(13). Let o(n) = -14*n - 6. Let s be o(-4). Let l = s - z. Calculate the highest common factor of 14 and l.
14
Let u(d) = 112*d + 1014. Let c be u(-9). Calculate the highest common factor of 2229 and c.
3
Let l(p) = -p**2 + 9*p + 4. Let t be l(8). Let u be t/(-3) - -2 - -52. Let y be 3*3 + (123/246)/(2/44). What is the greatest common factor of y and u?
10
Let d(i) = i**2 + 29*i + 69. Let x be d(-23). Let s = x - -11. Let v = s + 80. What is the greatest common divisor of 77 and v?
11
Let k = -31 - -157. Suppose 0*d - 8148 = -52*d - 45*d. Calculate the highest common factor of k and d.
42
Let z(j) = 5*j**2 + 25*j - 219. Let a be z(-12). What is the highest common divisor of a and 335?
67
Let q be 4/(-6) + 64/(-12) + 10. Suppose m + 76 = 3*m + q*r, 5*m - 3*r - 177 = 0. What is the greatest common factor of m and 4?
4
Let q(v) = 3*v**2 - 164*v + 2977. Let s be q(115). Calculate the highest common factor of s and 32.
16
Let a(j) = 2*j**3 + 3*j - 5. Let w be a(3). Suppose -w = 3*n - 8*n - 3*t, -2*n - 5*t = -8. Calculate the greatest common factor of n and 133.
7
Let w be 1*(-10)/(130/(-14053)). Let l(b) = 49*b**2 + 3*b + 1. Let x be l(-1). Calculate the highest common divisor of w and x.
47
Let z be 1*(-4)/10 - (-19564)/(-365). Let d = 102 + z. Calculate the greatest common factor of d and 18.
6
Suppose 16 = m - 303. Let k = m - 207. Calculate the greatest common divisor of k and 280.
56
Let q be 0*(-4)/(-10)*(-6)/(-12). Suppose q = -23*o + 15*o + 264. What is the greatest common divisor of 132 and o?
33
Suppose 2*v - 392 = -0*w - 4*w, 464 = 5*w - 4*v. Let h be (146734/12265 - 4/(-110))/(0 - -2). Calculate the highest common divisor of h and w.
6
Let g(t) = -t**3 - 6*t**2 + 4. Let o = 99 + -105. Let i be g(o). Suppose 274 + 526 = i*n. Calculate the greatest common divisor of 8 and n.
8
Let p be (-74)/(-2) - (-1 - -1). Let g = p - -11. What is the highest common divisor of g and 60?
12
Suppose -72 = 81*f - 84*f - 3*y, -113 = -5*f - 4*y. Calculate the greatest common factor of 53499 and f.
17
Let g = 14 - 390. Let q be (-47)/g + (-463)/(-8). What is the highest common divisor of q and 928?
58
Let z(d) = -23*d - 114. Let j be 1102/(-228) + 1 + 7/(-6). Let f be z(j). What is the highest common factor of f and 5?
1
Let d = -179 - -179. Suppose -j - 114 + 140 = d. What is the highest common divisor of 13 and j?
13
Suppose 2*g - 32 = 4*v - 0*v, -v - 71 = -4*g. Suppose 3*t + 162 = -w, 7 = 3*w - 2. Let q be t/(-3) + 5/(-15). Calculate the highest common factor of g and q.
18
Suppose 0 = -0*x + 2*x - 14014 + 4296. What is the greatest common factor of 86 and x?
43
Suppose -104*t + 128*t - 720 = 0. Let j(p) = p**3 + p**2 + 2*p + 50. Let u be j(0). Calculate the highest common divisor of t and u.
10
Suppose 109 = 3*n + 2*i, -4*n + 3*i + 150 = i. Suppose -n*o - 100 = -41*o. What is the highest common factor of 200 and o?
25
Let f be ((-9)/(-2))/(1/2). Suppose -81*h + 15 = -80*h. Let z be (25 + 2)/(5/h). Calculate the greatest common divisor of f and z.
9
Let m = 3923 - 3898. Let s be 0 - 6/2 - -1. Let k = 8 - s. Calculate the highest common divisor of m and k.
5
Let v(r) = -r**2 - 71*r - 592. Let q be v(-56). What is the highest common factor of q and 256?
8
Let k(n) = 1634*n - 4836. Let w be k(3). What is the greatest common divisor of w and 2662?
22
Let h(a) = 17*a + 28. Let l be h(2). Let o = l - 47. Calculate the greatest common factor of 35 and o.
5
Suppose 3*f - 141 = -4*r, 0 = -91*r + 92*r + 5*f - 31. What is the highest common divisor of r and 324?
36
Suppose -41*h = -40*h - 378. Suppose -h*q - 86